{"id":59,"date":"2017-06-30T22:20:40","date_gmt":"2017-06-30T20:20:40","guid":{"rendered":"http:\/\/spannungsfaktor.de\/cms\/?page_id=59"},"modified":"2018-05-19T16:29:57","modified_gmt":"2018-05-19T14:29:57","slug":"impressum","status":"publish","type":"page","link":"https:\/\/spannungsfaktor.de\/cms\/impressum\/","title":{"rendered":"Impressum"},"content":{"rendered":"<p>Andreas Wening<br \/>\nHochstift-Freising-Platz 13d<br \/>\n82205 Gilching<br \/>\n+49 8105 399 2150<br \/>\ninfo@spannungsfaktor.de<\/p>\n<p>&nbsp;<\/p>\n<div class=\"tabelle\">\n<div class=\"zeile\">\n<div class=\"zelle grid_5 ohne\">\n<div class=\"grid_3 first\">\n<h3>Disclaimer<\/h3>\n<p>Die Inhalte des Internetauftritts wurden mit gr\u00f6\u00dftm\u00f6glicher Sorgfalt und nach bestem Gewissen erstellt. Dennoch \u00fcbernehmen wir keine Gew\u00e4hr f\u00fcr die Aktualit\u00e4t, Vollst\u00e4ndigkeit und Richtigkeit der bereitgestellten Seiten und Inhalte. Unser Internetangebot enth\u00e4lt sog. \u201eexterne Links\u201c (Verlinkungen) zu anderen Internetseiten, auf deren Inhalt wir keinen Einfluss haben. Aus diesem Grund \u00fcbernehmen wir f\u00fcr diese Inhalte auch keine Gew\u00e4hr. F\u00fcr die Inhalte und Richtigkeit der \u00fcber die verlinkten Internetseiten bereitgestellten Informationen ist vielmehr der jeweilige Anbieter der verlinkten Internetseiten verantwortlich. Zum Zeitpunkt der Verlinkung waren keine Rechtsverst\u00f6\u00dfe erkennbar. Bei Bekanntwerden einer solchen Rechtsverletzung wird der Link umgehend entfernt.<\/p>\n<h3>Datenschutzerkl\u00e4rung (DS-GVO)<\/h3>\n<\/div>\n<\/div>\n<\/div>\n<\/div>\n<p>Mit Ihrem Besuch auf unserem Internetangebot k\u00f6nnen Informationen \u00fcber den Zugriff auf unserem Server gespeichert werden (Beispiele: Datum und Uhrzeit des Zugriffs, Name Ihres Internetproviders, Art Ihres Internet-Browsers, besuchte Seiten innerhalb unserer Internetpr\u00e4senz). Diese Daten sind jedoch anonymisiert und werden von uns ausschlie\u00dflich zu statistischen Zwecken und zur Verbesserung unseres Angebotes ausgewertet.<\/p>\n<p><strong>Cookies<\/strong><br \/>\nBei Cookies handelt es sich um kleine Textdateien, die auf Ihrem Computersystem abgelegt werden. Diese dienen dazu, unser Internetangebot nutzerfreundlicher, effektiver und sicherer zu machen. Mit den Cookies k\u00f6nnen wir zudem die H\u00e4ufigkeit von Seitenaufrufen und die allgemeine Navigation messen. Die meisten der auf Ihr Computersystem \u00fcberspielten Cookies werden nach Ihrem Besuch automatisch wieder von Ihrer Festplatte gel\u00f6scht. Andere Cookies verbleiben auf Ihrem Computersystem und erm\u00f6glichen es uns, Ihr Computersystem bei Ihrem n\u00e4chsten Besuch wieder zu erkennen. Sofern Sie dies nicht w\u00fcnschen, k\u00f6nnen Sie den Einsatz dieser Cookies jederzeit \u00fcber die Einstellungen Ihres Browser verhindern.<\/p>\n<p><strong>Newsletter<br \/>\n<\/strong>Haben Sie sich f\u00fcr unseren Newsletter eingetragen so speichern wir Ihren Namen und Ihre Email Adresse um Ihnen aktuelle\u00a0 Informationen zu senden. Eine weitere Verwendung dieser Daten findet nicht statt. Sie haben jederzeit die M\u00f6glichkeit sich selbst auszutragen oder sich austragen zu lassen. In diesem Fall werden diese Daten gel\u00f6scht.<\/p>\n<p><strong>Auskunftsanspruch<\/strong><br \/>\nSie haben einen Anspruch auf unentgeltliche Auskunft \u00fcber Ihre bei uns gespeicherten personenbezogenen Daten und ggf. ein Recht auf Berichtigung, Sperrung oder L\u00f6schung dieser Daten. Wenn Sie Einwilligungen zum Speichern und Verarbeiten Ihrer Daten gegeben haben, k\u00f6nnen Sie Ihre Einwilligung jederzeit mit Wirkung f\u00fcr die Zukunft widerrufen. Dazu verwenden Sie bitte die oben im Impressum aufgef\u00fchrten Kontaktm\u00f6glichkeiten.<\/p>\n<p><strong>Einbindung von Inhalten Dritter<\/strong><br \/>\nWir haben in unserem Internetangebot Inhalte Dritter, wie zum Beispiel Videos von Vimeo, Kartenmaterial von Google-Maps, RSS-Feeds oder Grafiken von anderen Webseiten eingebunden. Sofern Sie auf eine der Seiten klicken, auf denen diese Inhalte eingebunden sind, wird der jeweilige Anbieter dieser Inhalte (\u201eDritt-Anbieter\u201c) Ihre IP-Adresse wahrnehmen, da ohne Ihre IP-Adresse die Inhalte nicht an den von Ihnen verwendeten Browser gesendet werden k\u00f6nnen. Die IP-Adresse ist damit f\u00fcr die Darstellung dieser Inhalte erforderlich. Wir bem\u00fchen uns, nur solche Inhalte zu verwenden, deren jeweilige Dritt-Anbieter die IP-Adresse lediglich zur Auslieferung der Inhalte verwenden. Jedoch haben wir keinen Einfluss darauf, falls die Dritt-Anbieter die IP-Adresse z.B. f\u00fcr statistische Zwecke speichern. Soweit dies uns bekannt ist, kl\u00e4ren wir Sie hier\u00fcber auf.<\/p>\n","protected":false},"excerpt":{"rendered":"<p>Andreas Wening Hochstift-Freising-Platz 13d 82205 Gilching +49 8105 399 2150 info@spannungsfaktor.de &nbsp; Disclaimer Die Inhalte des Internetauftritts wurden mit gr\u00f6\u00dftm\u00f6glicher Sorgfalt und nach bestem Gewissen erstellt. Dennoch \u00fcbernehmen wir keine Gew\u00e4hr f\u00fcr die Aktualit\u00e4t, Vollst\u00e4ndigkeit und Richtigkeit der bereitgestellten Seiten und Inhalte. Unser Internetangebot enth\u00e4lt sog. \u201eexterne Links\u201c (Verlinkungen) zu anderen Internetseiten, auf deren Inhalt [&hellip;]<\/p>\n","protected":false},"author":3,"featured_media":0,"parent":0,"menu_order":0,"comment_status":"closed","ping_status":"closed","template":"","meta":{"footnotes":""},"class_list":["post-59","page","type-page","status-publish","hentry"],"_links":{"self":[{"href":"https:\/\/spannungsfaktor.de\/cms\/wp-json\/wp\/v2\/pages\/59","targetHints":{"allow":["GET"]}}],"collection":[{"href":"https:\/\/spannungsfaktor.de\/cms\/wp-json\/wp\/v2\/pages"}],"about":[{"href":"https:\/\/spannungsfaktor.de\/cms\/wp-json\/wp\/v2\/types\/page"}],"author":[{"embeddable":true,"href":"https:\/\/spannungsfaktor.de\/cms\/wp-json\/wp\/v2\/users\/3"}],"replies":[{"embeddable":true,"href":"https:\/\/spannungsfaktor.de\/cms\/wp-json\/wp\/v2\/comments?post=59"}],"version-history":[{"count":3,"href":"https:\/\/spannungsfaktor.de\/cms\/wp-json\/wp\/v2\/pages\/59\/revisions"}],"predecessor-version":[{"id":1030,"href":"https:\/\/spannungsfaktor.de\/cms\/wp-json\/wp\/v2\/pages\/59\/revisions\/1030"}],"wp:attachment":[{"href":"https:\/\/spannungsfaktor.de\/cms\/wp-json\/wp\/v2\/media?parent=59"}],"curies":[{"name":"wp","href":"https:\/\/api.w.org\/{rel}","templated":true}]}}